reatest common factor of p and r.
58
Let d = -11860 - -11935. What is the greatest common divisor of d and 3855?
15
Let d(a) = -153*a**3 - 24*a**2 - 47*a - 4. Let g be d(-2). What is the greatest common divisor of g and 42?
42
Let k be 38/(14/3 + -34 + 30). Suppose 0 = -k*g + 53*g + 1144. What is the highest common divisor of g and 26?
26
Let q(y) = 173*y**2 - 22*y - 19. Let f be q(-1). What is the highest common divisor of f and 440?
88
Suppose -12*b + 878 = -94. Suppose -12*f + b = -7*f + u, 0 = -f + 4*u + 33. What is the highest common divisor of f and 3?
1
Suppose 642 - 74 = 4*i. Let r = 151 - i. What is the highest common factor of 9 and r?
9
Suppose 0 = 4*m - 11 - 25. Suppose -4*z + g + 646 = 0, 186*g = -z + 195*g + 144. Calculate the highest common factor of z and m.
9
Let p(h) = -21*h + 22*h + 2 + 2 + 9. Let i = 16 - 11. Let b be p(i). What is the greatest common factor of 6 and b?
6
Let k be ((-495)/(-10))/((-18)/(-36)). Calculate the greatest common divisor of 2640 and k.
33
Let d be (25/100)/(1/56). What is the greatest common factor of 14336 and d?
14
Let m be (-15)/(-20) + (-154)/(-8). Let f = 6649 - 6614. Calculate the greatest common divisor of f and m.
5
Suppose -4*b + 45 = -h, -5*h = -3*b + 31 - 10. Suppose 0 = -3*o + 9*o + 18. Let i be o + (6 + -4 - -85). Calculate the highest common factor of i and b.
12
Let i be (4 - 13/3)*0. Suppose 2*w = 8*t - 6*t - 144, i = -4*t + w + 282. Calculate the highest common divisor of 60 and t.
10
Suppose 9*r - 17 = 82. Let l(q) be the second derivative of -9*q**3/2 - 5*q**2 + 2*q. Let z be l(-2). Calculate the greatest common factor of z and r.
11
Suppose 2*j - 4*a - 342 = 0, 4*j - 4*a = -3*a + 691. Let v = j - -97. Calculate the greatest common factor of 108 and v.
54
Let y = 824 + -1178. Let m = y - -370. What is the greatest common factor of m and 24?
8
Let k = 7398 + -7338. Calculate the greatest common divisor of 3084 and k.
12
Suppose -2*l - 3*n - 75 + 854 = 0, -2*l - 5*n + 777 = 0. Let r = l + -283. Calculate the greatest common factor of 48 and r.
12
Suppose 204 = -5*c - 221. Let p = c - -100. What is the highest common divisor of p and 195?
15
Let o = -7515 - -7633. Calculate the greatest common divisor of 9322 and o.
118
Let n be (-96)/(-28)*(-3605)/(-412). What is the greatest common divisor of 3522 and n?
6
Suppose 0 = -z + 4, -2*r - 3*z + 12 = -0*r. Suppose r = w - 3, -4*w - 292 = -5*c + 131. What is the greatest common divisor of c and 29?
29
Let a = -1282 - -1863. What is the highest common factor of a and 913?
83
Let v = 10 + -6. Let d be ((-2)/5)/(24/(-60)). Let q = 33 - d. Calculate the greatest common factor of v and q.
4
Let v(d) = d + 4. Let f be v(-8). Let t be 6/(-15) - f/10. Let j(i) = -i + 18. Let h be j(t). Calculate the highest common divisor of 45 and h.
9
Let m(c) = -c**2 - 22*c + 16. Let o(z) = -10*z + 7. Let q(n) = -3*m(n) + 7*o(n). Let w be q(5). What is the greatest common divisor of w and 392?
56
Suppose -85*v - 2*v = -16182. What is the highest common divisor of 651 and v?
93
Let f = 2392 + -1391. What is the greatest common factor of 154 and f?
77
Let i = -6527 + 6696. Calculate the greatest common divisor of i and 1469.
13
Let g(s) = -94*s - 7. Let p be (-150)/54 + (-2)/9. Let c be g(p). Suppose 95 = 4*o - 5*a, -3*a - 51 = -2*o - 4*a. What is the highest common divisor of c and o?
25
Suppose 2*x - 13 = -17. Let c be x*9/2*-1. Suppose 4*f + 0*f - 252 = 0. What is the greatest common divisor of c and f?
9
Let x(k) = -k**3 + 22*k**2 - 5*k + 15. Let b be x(16). Let r = -758 + b. What is the greatest common factor of r and 31?
31
Let d(f) = -2*f**3 - 5*f**2 - 4*f + 6. Let m be d(-3). Suppose 2*x - 36 = -3*j, -2*j + 26 = -m*x + 29*x. What is the greatest common factor of j and 170?
10
Let s(y) = y**2 - 62*y + 62. Let t be s(64). What is the greatest common divisor of 130 and t?
10
Suppose -36*x - 512 = -44*x. Calculate the greatest common divisor of x and 1.
1
Suppose 164*r + 2660 - 9220 = 0. Calculate the greatest common divisor of r and 1940.
20
Suppose c = -2*a + 257, 4*c - 5*c = 4*a - 261. What is the highest common divisor of 121 and c?
11
Let g(o) = -o**2 + 6*o + 31. Let n be g(9). Suppose -6*j + 51 - 3 = 0. What is the greatest common factor of n and j?
4
Suppose v + 24 - 94 = 0. Suppose -4*p - v = -210. Suppose 28*i - 3*i - 2625 = 0. Calculate the greatest common factor of i and p.
35
Let v be (-220188)/(-1593) + 2/(-9). Calculate the greatest common factor of 10810 and v.
46
Suppose 101*g + 143 - 1557 = 0. Calculate the greatest common divisor of g and 5971.
7
Suppose -147 = -6*q - q. Suppose -q - 819 = -4*x. Suppose 3*v + 4*m = 380, 5*v - 2*m - x - 380 = 0. Calculate the highest common divisor of v and 24.
24
Let m(n) = n**2 + 33*n + 71. Suppose 6*t - 181 + 367 = 0. Let g be m(t). Calculate the highest common divisor of 207 and g.
9
Suppose 434 = 5*j + 2*j. Let p(d) = 6*d**2 - 325*d + 58. Let x be p(54). What is the greatest common divisor of j and x?
2
Suppose 830*d + 9319 = 835*d - 2*r, 3*r + 7458 = 4*d. What is the greatest common factor of 138 and d?
69
Suppose 4*h = 2*f - 347 - 551, -4*h - 895 = f. Let o = h + 231. Let l = 117 - 68. What is the greatest common divisor of l and o?
7
Let i = -5599 + 12070. What is the highest common divisor of i and 36?
9
Let z(m) = -4*m - 9. Let y be z(-6). Suppose -21*f - 65*f + 710 = 452. What is the highest common factor of y and f?
3
Suppose -27*c - 276 = -20*c - 8*c. Calculate the greatest common divisor of 1725 and c.
69
Suppose -5*j - 201 + 5199 = -2*q, 3*q = 5*j - 4997. What is the highest common factor of j and 30?
10
Suppose -3*m - 5*h = -2*m - 15276, -3*m = -5*h - 45828. What is the highest common factor of m and 57?
57
Suppose -126 = -11*s + 9*s. Let r(l) = -4*l + 10. Suppose 5*u + 27 = -13. Let c be r(u). What is the highest common divisor of c and s?
21
Suppose -3*f = 3*r + 2*f - 18, -2*r - 4*f + 14 = 0. Let d be ((-16)/12 + 147/(-45))*-5. Calculate the highest common factor of r and d.
1
Let a be 60/(10 - 1035/108). Calculate the greatest common factor of a and 153.
9
Let q(u) = -2*u**2 + 13*u + 4. Let k(p) = 8*p - 18. Let j be k(3). Let b be q(j). Suppose 15*v - 20 = b*v. Calculate the greatest common divisor of 44 and v.
4
Let s(q) = 15*q**2 - 37*q + 111. Let o be s(3). What is the greatest common divisor of 1395 and o?
45
Let k(o) = -o**2 - 30*o + 24. Let w be k(-27). Let x = w - 78. Suppose -f = -3*j + j - x, j + 1 = 0. What is the highest common factor of f and 25?
25
Let g be (-426*5/(-15))/((-2)/(-16)). Suppose 3*i = j + 1174, -5*i + 3104 - g = 4*j. Calculate the greatest common factor of i and 49.
49
Let k(o) = 9*o**2 + 75*o - 1904. Let d be k(17). What is the greatest common divisor of d and 884?
68
Let y be (10/150*-1878)/(-1 - (-212)/220). Calculate the greatest common divisor of y and 11.
11
Let g be 455/10 - -1*1/(-2). Let b = g + -46. Let v be 4 + b + 8 + -4. Calculate the highest common divisor of v and 63.
7
Let l = 16 - 2. Suppose -69*y + 5185 = -39*y + 1615. Calculate the greatest common factor of y and l.
7
Suppose 11248*v - 11254*v + 18 = 0. What is the greatest common divisor of v and 15999?
3
Suppose 4*s = 8*s - 16, -3*d = -4*s + 13. Let g be (-1 - d/(-3))/((-1)/3). Let c(o) = 3*o + 2. Let x be c(g). What is the greatest common factor of x and 4?
4
Let i = -89194 + 89219. Suppose 5*c - 9 = 41. Calculate the highest common factor of i and c.
5
Let d(l) be the second derivative of 6*l**2 - 20*l + 0 - 10/3*l**3 + 1/20*l**5 + 7/12*l**4. Let s be d(-9). Calculate the highest common factor of 150 and s.
30
Suppose 10*m + 5*t - 27560 = 9*t, 4*t + 5528 = 2*m. What is the greatest common factor of m and 162?
162
Let o(d) = -d**2 + 24. Suppose 2*z = 3*z. Let g be o(z). Let v be (3 + 0 + (-14 - 16))/(6/(-4)). Calculate the greatest common divisor of v and g.
6
Suppose 238*z + 15 = 223*z. Let x be 578 + -27 + z*1. What is the greatest common factor of x and 50?
50
Let z(i) = -11*i - 3. Let b be z(-1). Suppose -258 = -b*p + 1278. Suppose 0 = -9*c + 20 + 196. Calculate the highest common factor of p and c.
24
Suppose -10*o + 8400 = 20*o. Let j(i) = -4*i**3 + i**2 - 2*i - 5. Let u be j(-2). Calculate the greatest common factor of o and u.
35
Let p(u) = -8*u + 62. Let s be p(12). Let x = 1